2024: Jan | Feb | Mar | Apr | May | Jun | Jul | Aug | Sep | Oct | Nov | Dec
2023: Jan | Feb | Mar | Apr | May | Jun | Jul | Aug | Sep | Oct | Nov | Dec
2022: Jan | Feb | Mar | Apr | May | Jun | Jul | Aug | Sep | Oct | Nov | Dec
2021: Jan | Feb | Mar | Apr | May | Jun | Jul | Aug | Sep | Oct | Nov | Dec
2020: Jan | Feb | Mar | Apr | May | Jun | Jul | Aug | Sep | Oct | Nov | Dec
2019: Jan | Feb | Mar | Apr | May | Jun | Jul | Aug | Sep | Oct | Nov | Dec
2018: Jan | Feb | Mar | Apr | May | Jun | Jul | Aug | Sep | Oct | Nov | Dec
2017: Jan | Feb | Mar | Apr | May | Jun | Jul | Aug | Sep | Oct | Nov | Dec
2016: Jan | Feb | Mar | Apr | May | Jun | Jul | Aug | Sep | Oct | Nov | Dec
2015: Jan | Feb | Mar | Apr | May | Jun | Jul | Aug | Sep | Oct | Nov | Dec
2014: Jan | Feb | Mar | Apr | May | Jun | Jul | Aug | Sep | Oct | Nov | Dec
2013: Jan | Feb | Mar | Apr | May | Jun | Jul | Aug | Sep | Oct | Nov | Dec
2012: Jan | Feb | Mar | Apr | May | Jun | Jul | Aug | Sep | Oct | Nov | Dec
2011: Jan | Feb | Mar | Apr | May | Jun | Jul | Aug | Sep | Oct | Nov | Dec
2010: Jan | Feb | Mar | Apr | May | Jun | Jul | Aug | Sep | Oct | Nov | Dec
2009: Jan | Feb | Mar | Apr | May | Jun | Jul | Aug | Sep | Oct | Nov | Dec
2008: Jan | Feb | Mar | Apr | May | Jun | Jul | Aug | Sep | Oct | Nov | Dec
Report for 2023 08
MONTHLY CLIMATOLOGICAL SUMMARY FOR 8/2023
HEAT COOL
MEAN DEG DEG WIND SPEED DOM MEAN MEAN
DAY TEMP HIGH TIME LOW TIME DAYS DAYS RAIN AVG HI TIME DIR BAROM HUM
---------------------------------------------------------------------------------------
1 74.4 84.0 3:20pm 66.4 11:58pm 0 9 0.00 1 16 3:50am ESE 29.93 36
2 71.9 82.8 4:25pm 64.3 11:18pm 0 7 0.00 1 18 6:11am ESE 29.95 46
3 70.0 79.6 4:31pm 63.2 7:13am 0 5 0.00 1 12 2:29pm SW 29.98 52
4 70.7 83.6 4:38pm 60.1 6:01am 1 7 0.00 1 12 2:58pm W 29.97 52
5 74.0 87.8 5:03pm 62.2 7:02am 0 9 0.00 1 13 3:38pm ESE 29.94 48
6 77.8 91.1 4:13pm 66.5 4:20am 0 13 0.00 1 16 6:51am W 29.94 40
7 78.7 91.5 4:34pm 69.7 6:32am 0 14 0.00 2 20 6:58am ESE 29.91 37
8 75.3 84.8 5:17pm 67.1 10:43pm 0 10 0.00 2 20 1:16am ESE 29.88 43
9 72.7 84.4 4:51pm 64.9 6:35am 0 8 0.00 2 16 3:10pm ESE 29.87 45
10 73.0 84.0 4:22pm 64.9 7:06am 0 8 0.00 2 16 1:46am ESE 29.88 41
11 71.6 81.8 3:47pm 63.0 6:25am 0 7 0.00 1 13 4:53pm ESE 29.92 49
12 74.3 86.6 3:58pm 64.9 4:35am 0 9 0.00 1 11 1:46pm WSW 29.96 54
13 77.9 90.2 4:01pm 68.6 7:04am 0 13 0.00 2 16 5:25pm ESE 29.91 51
14 78.0 87.0 12:30pm 69.0 2:23pm 0 13 0.04 2 23 5:08am ESE 29.89 49
15 81.9 94.3 3:29pm 73.7 4:12am 0 17 0.00 3 21 4:44pm ESE 29.93 37
16 83.8 96.5 2:57pm 75.7 5:56am 0 19 0.00 3 21 6:19am E 29.88 35
17 82.7 93.6 4:46pm 75.0 6:03am 0 18 0.00 2 19 6:57am ESE 29.77 42
18 78.7 87.9 3:00pm 71.4 11:59pm 0 14 0.00 2 16 8:04am ESE 29.75 47
19 77.1 89.5 4:29pm 67.7 2:40am 0 12 0.00 1 29 10:44pm E 29.75 43
20 70.6 74.4 1:31pm 66.8 8:36am 0 6 0.00 3 34 2:10am ESE 29.70 63
21 64.4 71.8 12:00am 60.6 3:54pm 2 1 1.42 2 26 8:44am SSE 29.87 81
22 66.2 78.3 5:03pm 57.7 7:48am 2 4 0.00 1 13 6:27am NW 30.00 75
23 71.8 85.0 4:17pm 61.6 6:03am 1 8 0.00 1 13 12:46pm W 29.93 60
24 75.2 87.9 2:41pm 66.9 4:48am 0 10 0.00 2 16 8:15am E 29.86 53
25 72.8 83.6 5:08pm 64.9 6:43am 0 8 0.00 2 14 4:34am ESE 29.91 55
26 72.8 85.1 3:36pm 64.9 3:54am 0 8 0.00 1 15 7:55am ESE 29.95 43
27 73.2 86.7 4:32pm 64.6 5:32am 0 8 0.00 1 12 1:55pm ESE 29.98 42
28 74.8 88.9 5:03pm 64.4 6:51am 0 10 0.00 1 11 3:44pm WSW 29.95 40
29 74.6 87.0 4:48pm 65.0 6:23am 0 10 0.00 2 15 3:00am ESE 29.92 36
30 76.3 89.0 2:28pm 66.8 4:28am 0 11 0.00 2 19 7:20am ESE 29.85 29
31 74.0 85.8 2:21pm 65.8 7:28am 0 9 0.00 3 23 12:49pm ESE 29.71 40
---------------------------------------------------------------------------------------
TOT 74.6 96.5 8/16/23 57.7 8/22/23 7 303 1.46 2 34 8/20/23 ESE 29.89 47
HEAT BASE: 65.0
COOL BASE: 65.0