2024: Jan | Feb | Mar | Apr | May | Jun | Jul | Aug | Sep | Oct | Nov | Dec
2023: Jan | Feb | Mar | Apr | May | Jun | Jul | Aug | Sep | Oct | Nov | Dec
2022: Jan | Feb | Mar | Apr | May | Jun | Jul | Aug | Sep | Oct | Nov | Dec
2021: Jan | Feb | Mar | Apr | May | Jun | Jul | Aug | Sep | Oct | Nov | Dec
2020: Jan | Feb | Mar | Apr | May | Jun | Jul | Aug | Sep | Oct | Nov | Dec
2019: Jan | Feb | Mar | Apr | May | Jun | Jul | Aug | Sep | Oct | Nov | Dec
2018: Jan | Feb | Mar | Apr | May | Jun | Jul | Aug | Sep | Oct | Nov | Dec
2017: Jan | Feb | Mar | Apr | May | Jun | Jul | Aug | Sep | Oct | Nov | Dec
2016: Jan | Feb | Mar | Apr | May | Jun | Jul | Aug | Sep | Oct | Nov | Dec
2015: Jan | Feb | Mar | Apr | May | Jun | Jul | Aug | Sep | Oct | Nov | Dec
2014: Jan | Feb | Mar | Apr | May | Jun | Jul | Aug | Sep | Oct | Nov | Dec
2013: Jan | Feb | Mar | Apr | May | Jun | Jul | Aug | Sep | Oct | Nov | Dec
2012: Jan | Feb | Mar | Apr | May | Jun | Jul | Aug | Sep | Oct | Nov | Dec
2011: Jan | Feb | Mar | Apr | May | Jun | Jul | Aug | Sep | Oct | Nov | Dec
2010: Jan | Feb | Mar | Apr | May | Jun | Jul | Aug | Sep | Oct | Nov | Dec
2009: Jan | Feb | Mar | Apr | May | Jun | Jul | Aug | Sep | Oct | Nov | Dec
2008: Jan | Feb | Mar | Apr | May | Jun | Jul | Aug | Sep | Oct | Nov | Dec
Report for 2023 10
MONTHLY CLIMATOLOGICAL SUMMARY FOR 10/2023
HEAT COOL
MEAN DEG DEG WIND SPEED DOM MEAN MEAN
DAY TEMP HIGH TIME LOW TIME DAYS DAYS RAIN AVG HI TIME DIR BAROM HUM
---------------------------------------------------------------------------------------
1 53.6 59.2 4:43pm 49.4 7:28am 11 0 0.00 0 8 1:12pm SW 29.90 85
2 57.1 68.3 4:21pm 48.7 7:23am 8 0 0.00 1 13 1:43am ESE 30.02 66
3 61.9 73.4 4:46pm 53.3 3:36am 5 2 0.00 1 22 11:29pm ESE 30.01 60
4 70.0 84.0 12:55pm 60.6 6:25am 1 6 0.00 2 28 12:30am ESE 29.98 47
5 72.3 86.0 1:18pm 64.2 7:37am 0 7 0.00 1 18 6:09am ESE 30.02 43
6 73.7 86.7 3:02pm 66.0 7:28am 0 9 0.00 1 19 5:05am ESE 29.97 44
7 74.9 90.0 1:18pm 66.4 6:59am 0 10 0.00 2 18 8:12am ESE 29.90 40
8 73.8 87.7 2:15pm 65.2 11:56pm 0 9 0.00 2 16 2:16am ESE 29.85 38
9 61.9 69.4 3:49pm 54.1 11:33pm 3 0 0.00 1 18 2:59pm ESE 29.81 57
10 53.7 58.3 4:07pm 49.3 8:47pm 11 0 0.28 3 20 3:16pm SSE 29.81 86
11 51.9 61.6 2:46pm 46.4 7:44am 13 0 0.09 2 20 12:48am NW 29.86 85
12 56.3 70.2 2:56pm 48.2 12:51am 9 1 0.00 1 19 2:47am ESE 29.88 58
13 58.7 71.5 1:06pm 50.6 7:25am 7 1 0.00 2 18 7:37am ESE 29.93 57
14 61.2 71.3 3:15pm 56.0 5:19am 5 1 0.00 1 17 11:20am ESE 30.07 54
15 64.7 80.5 2:08pm 56.5 5:46am 4 3 0.00 2 19 5:35am ESE 30.11 47
16 64.2 77.5 12:47pm 57.8 11:41pm 3 3 0.00 2 18 5:12am ESE 30.08 49
17 64.4 78.8 2:10pm 56.3 5:21am 4 3 0.00 1 11 3:29am E 30.01 51
18 70.2 84.4 2:53pm 60.0 4:10am 1 6 0.00 2 20 10:06pm ESE 29.98 44
19 74.0 88.4 2:31pm 66.3 4:04am 0 9 0.00 3 21 6:40am ESE 29.98 31
20 71.3 83.0 2:25pm 64.5 7:27am 0 6 0.00 3 20 1:35am ESE 29.91 37
21 64.1 75.1 1:35pm 53.6 11:43pm 3 2 0.00 2 15 12:05am ESE 29.83 56
22 52.9 56.3 2:39pm 50.1 2:51am 12 0 1.29 2 21 6:16pm SE 29.82 92
23 55.6 66.7 3:19pm 47.1 6:57am 10 0 0.01 1 13 2:49pm WNW 29.85 90
24 56.1 66.7 2:52pm 48.3 7:39am 9 0 0.00 1 13 3:17am SSE 29.88 82
25 50.6 54.5 5:29am 46.6 10:09pm 14 0 0.07 4 22 8:33am SE 29.96 88
26 48.4 60.1 2:37pm 41.0 7:49am 17 0 0.00 0 11 12:13am ESE 30.11 79
27 47.7 59.8 2:40pm 40.4 7:35am 17 0 0.00 1 16 6:50am ESE 30.13 63
28 48.4 60.2 2:20pm 39.5 7:31am 17 0 0.00 1 30 11:46pm ESE 30.15 54
29 54.9 71.5 1:38pm 46.8 3:23am 11 0 0.00 4 37 12:10am E 30.19 33
30 48.1 64.7 3:01pm 43.8 2:47am 11 0 0.00 1 15 2:56am ESE 30.20 48
31 55.8 70.4 2:26pm 48.3 3:18am 10 1 0.00 1 15 6:12am E 30.19 43
---------------------------------------------------------------------------------------
TOT 60.5 90.0 10/7/23 39.5 10/28/23 216 79 1.75 2 37 10/29/23 ESE 29.98 58
HEAT BASE: 65.0
COOL BASE: 65.0